 Let v(h) = f*g(h) + 2*k(h). Determine v(-5).
-13
Let s(a) = -a**2 + 6*a - 5. Suppose 2 + 11 = t. Let y be 10*(t/10 - (-28)/(-35)). Calculate s(y).
0
Let f(t) = -t**2 + 6*t - 2. Let b be f(6). Let h(o) = o**3 - 3*o**2 + 2*o + 2. Let c(l) = l**3 - 2*l**2 + 3*l + 2. Let j(m) = b*c(m) + 3*h(m). Give j(5).
2
Let u(a) = a**2 - 11*a - 4. Let p = -1 + 12. Let f be u(p). Let s(k) = k**3 + 4*k**2 - k + 1. What is s(f)?
5
Let z(v) = -v**2 - v - 1. Let j(l) = l**3 - 19*l**2 + 7*l - 7. Let f(u) = j(u) - 5*z(u). What is f(13)?
-15
Let x(m) = 12*m + 3. Let l(y) = -y**3 - y**2 + y - 3. Let f be l(0). Let h(k) = -4*k - 1. Let c(r) = f*x(r) - 8*h(r). What is c(-2)?
7
Let b be (-2 - -3)/1*1. Let t(n) = -1 - 8*n - 5*n + 10*n. Calculate t(b).
-4
Let d(c) be the second derivative of -c**4/12 - 15*c**2/2 + 67*c. Let x be 1*(2 - (2 - 0)). What is d(x)?
-15
Suppose -j + 68 = 3*i, -216 = -4*j + 4*i + 40. Let p = j - 58. Let b(c) = -4*c + 8. What is b(p)?
-20
Suppose 0 = -4*t + 4*d - 20, -7*d + 2*d = -t - 5. Let j(n) be the first derivative of n**4/4 + 5*n**3/3 + 4*n + 21. Determine j(t).
4
Suppose -o + 2 = 0, a = 2*a - 3*o + 2. Let b(p) = 6431*p - 6434*p + 0*p**3 - p**3 - 5 + 5*p**2. What is b(a)?
-1
Let d(k) = k**3 + 6*k**2 - 6*k + 14. Let v be d(-7). Let g(r) = 4 - 5*r**3 + 4*r**3 - 5*r - 2*r + 8*r**2. Let f be g(v). Let h(z) = 3*z - 4. Calculate h(f).
8
Let v(w) = -2*w - 17 + w + 1 + 11. Let f = -5 - 0. Determine v(f).
0
Let i(n) = n**2 - 11*n + 11. Let p(v) = -14*v - 466. Let d be p(-34). Give i(d).
1
Suppose -3*z = -3*b - 6, 2*z - 132*b + 11 = -127*b. Let h(g) = 6*g - 13. Determine h(z).
29
Let v(x) = -4*x - 19. Let h(d) = -d - 2. Let f(j) = 5*h(j) - v(j). Determine f(0).
9
Suppose -l + 5*k = 0, 2*l - 2*k = 2*k + 6. Let n(m) = 9*m**2 - m - 1. Let u(c) = -46*c**2 + 8*c + 9. Let y(x) = -5*n(x) - u(x). Determine y(l).
6
Suppose 2*s + 39 = 5*q, q - 51 = -3*q - 5*s. Let c(d) = -d**2 + 3 - q*d - 7*d + 18*d. Determine c(4).
-5
Let k(m) = -2*m**3 - 3*m**2 + 2*m + 2. Suppose -22*j + 21*j + 4 = 0. Suppose 0 = j*u + 4*i, 3*i - 6 = -2*u + 4*i. What is k(u)?
-22
Let a = -23 + 32. Let r be ((-3)/a)/(4/(-36)). Let z(v) = 5*v**2 - 13*v - 26. Let f(c) = -2*c**2 + 4*c + 9. Let k(y) = r*z(y) + 8*f(y). What is k(-6)?
0
Let v be (-9 - -4 - -4) + (-4 - -1). Let d(k) = k**3 + 5*k**2 - 2*k - 3. Give d(v).
21
Let v(c) be the third derivative of c**5/12 + c**4/24 + c**3/6 - 172*c**2. Give v(2).
23
Let t(k) = k**2 - 4*k - 94926 + k + 94922. Calculate t(8).
36
Let d(c) = -5*c + 1. Let p(q) = 26*q - 6. Let m(f) = 11*d(f) + 2*p(f). Determine m(-7).
20
Let o(p) = p + 10. Suppose -v + 22 = 18. Suppose -f - v*z = 0, -f + z = -5*f. Calculate o(f).
10
Let z(s) = 16 - 28 - 2*s**2 + 6 - 11*s. Determine z(-5).
-1
Let f(k) = 2*k**2 + 15*k + 1. Let w be f(-5). Let g(h) = -h - 36. Let z be g(w). Let o(v) = -v - 10. Give o(z).
2
Let m(w) = w - 15. Let a(o) = 4*o**2 + 5*o + 2. Let z(v) = -5*v**2 - 6*v - 2. Let j(x) = -6*a(x) - 5*z(x). Let f be j(3). What is m(f)?
-8
Let r be 90/11 - (-2 + (-24)/(-11)). Let v(m) = -m**2 + 13*m + 1. Let q be v(13). Let t(u) = -6*u - 4 + 0*u**2 - 2*u**2 + 3*u**2 - q. What is t(r)?
11
Let o(y) = -4 - 2 + y - 6. Let b = -41 - -43. Suppose -d = d - 4, f - d + b = 0. What is o(f)?
-12
Let k = 4 - -16. Suppose k = z - 4*x, 3 = -2*x - 3. Suppose 3*j - z*j = -20. Let a(v) = -v**3 + 4*v**2 + v - 4. What is a(j)?
0
Let w(y) = -y**3 + 4*y**2 + 2. Let q be w(4). Suppose o + q - 7 = 0. Let r(a) = -a + 5. What is r(o)?
0
Let g(f) = 2*f**2 + 18*f - 13. Suppose -3*m + i = 31, 10 = 3*m + 4*i + 36. Let q be g(m). Let k(w) = -w**2 + 7*w - 6. Give k(q).
-6
Let j(l) = 4*l + 6. Suppose -2*w - 109 = -g, 2*w + 2*w = -3*g - 243. Let d = w - -53. Give j(d).
-10
Suppose 3*f + 0*f + 5*p = 21, 5*f - 5*p = -5. Let q(k) = -2 + 5*k + k**2 - 4 + 6 - f. Let a = -5 + 1. Give q(a).
-6
Let t(x) = 0*x + 6*x - x**3 - 4*x + 6 - 4*x**2. Let r be t(-4). Let p(i) = -5*i - 4. Let c(q) = -q. Let d(m) = r*c(m) + p(m). What is d(-3)?
5
Let a(x) = 4*x - 6. Let i(l) = -3 - 4*l**2 - 1 + 0*l**3 + 1 - 2*l**3 - 4*l. Let y be i(-2). Let u(m) = 5*m - 7. Let k(p) = y*u(p) - 6*a(p). Determine k(-1).
0
Suppose -2*q - 41 = -253. Let n(f) = 89*f + q*f - 182*f - 1. Let w be 10/14 + 2/7. Determine n(w).
12
Let t(c) = -c + 20. Let r(q) = 1. Let u(j) = -r(j) + t(j). What is u(16)?
3
Let y(p) = 11*p - 3. Let x be y(1). Suppose -x*q + 0 = -0. Let u(b) = -b**3 + b**2 + b - 1. Determine u(q).
-1
Suppose 0 = 20*n + 4*n - 144. Let m(j) = 2*j + 6. Give m(n).
18
Let n(v) = -v**2 + v + 1. Suppose 3*s - 12 - 8 = -r, 0 = -4*s + 8. Suppose 4*a + 6 - r = 0. Calculate n(a).
-1
Suppose 0 = -3*q - q - 12. Let c(z) = z**3 + z**2 + z - 1. Suppose -2*m = -m - 3. Let i(v) = -2*v**3 - 2*v + 6. Let j(s) = m*c(s) + i(s). Calculate j(q).
0
Let i be ((-6)/(-10))/(7/35). Let j(f) be the second derivative of f**5/20 - f**4/6 - f**3/3 - f**2/2 - 21*f. Calculate j(i).
2
Let k be (568/20)/((-6)/(-15)). Let d(w) = -77*w**2 + k*w**2 - 6 - 11*w + 4*w - w**3. Suppose 0*o = -o - 5. Calculate d(o).
4
Let t(d) = -d**2 + d - 12. Let z be -3 + 0 + (3 - 0). Determine t(z).
-12
Let d(h) = -4*h + 19. Let g = 619 + -615. Calculate d(g).
3
Let o(k) = 336*k - 670*k + 2 + 337*k. Calculate o(-1).
-1
Let u(d) = -129*d + 5*d**2 - 3 - d**3 + 0*d**3 + 130*d. Give u(5).
2
Let k(i) = -i**3 + 3*i + 2. Let x = 25 + -19. Suppose 0 = 2*p - 5*h - x, 2*h - h - 6 = 4*p. What is k(p)?
4
Let l(i) = -3*i + 7. Let g(t) = -5*t + 13. Let y(w) = 4*g(w) - 7*l(w). Suppose 111 = 6*c - 7*c. Let o = -117 - c. Give y(o).
-3
Let r(c) = -c**3 - 4*c**2 + 2*c + 5. Suppose 148 - 98 = -10*o. Give r(o).
20
Let v(l) = 2*l**3 + 3*l**2. Let r(s) = 5*s + 25. Let x be r(-4). Suppose 0 = -x*g + w - 6, 2*g + 6*w = 4*w - 12. Determine v(g).
-4
Let b(h) = -h**3 - h**2 - h. Let l = -65 + 62. Let q(a) = -4*a**3 - 6*a**2. Let w(j) = l*b(j) + q(j). Calculate w(-4).
4
Suppose m = 3*m - 8. Let z(q) = 0*q - 7 - m*q + 3*q + 3. Let g be 3 - (0 + 2 + 1). What is z(g)?
-4
Let h(z) be the first derivative of z**4/4 + 4*z**3 - z**2 + 13*z + 295. Give h(-12).
37
Let a(x) = -x**3 + 7*x**2 - 9*x + 4. Let h be a(6). Let d = -17 - h. Let g(s) = s**3 + 2*s**2 + 2. Give g(d).
-7
Let n(k) = -2*k**2. Suppose 36 = -6*l + 156. Suppose l = -4*u + 16. Calculate n(u).
-2
Let u(l) be the second derivative of -13*l**3/6 + 4*l**2 + 13*l - 10. Give u(1).
-5
Let w(t) be the second derivative of t**4/4 - t**3/2 + t**2 + 6*t. Calculate w(3).
20
Let s be (-3)/(-18) + -1 + 2. Let m(f) be the third derivative of -1/12*f**4 - s*f**3 + 0 + 3*f**2 + 0*f. Calculate m(-5).
3
Suppose -36*q = -40*q + 12. Let h(x) = -q*x**3 + 6*x**2 - 3 - 4*x + 5*x**3 - 6*x**2. Determine h(-2).
-11
Let k(y) = -y**2 - 8*y + 7. Let f = 185 - 104. Let l be (-666)/f + (2/9 - 0). Determine k(l).
7
Let o(b) = -b**3 + 4*b**2 + 9*b - 3. Let g(z) = -13*z + 162. Let u be g(12). What is o(u)?
-21
Let y(h) be the third derivative of h**7/420 + h**6/180 + h**5/60 - 17*h**3/6 - 2*h**2. Let g(p) be the first derivative of y(p). Calculate g(-2).
-12
Let i(l) = l**2 - 7*l - 2. Suppose 7*v - 4 = 6*v. Suppose 0 = v*r - r - 21. Let c be i(r). Let w(x) = x**2 + 3*x + 1. Give w(c).
-1
Suppose -5*m + g = -1905, -g = 3*m - 2*g - 1141. Let r(t) = m + t**3 + 5*t**2 - 2*t - 5*t - 385. Let j(c) = c**2 - 6. Let x be j(0). Determine r(x).
3
Let c(m) = -m**3 - 5*m**2 + 5*m - 1. Let h be c(-6). Suppose u + 5*z = h, -z + 5 = u - 4*z. Let y(r) = 3*r**2 + 1 - 2*r**2 + 0*r**2 - 7*r + 4. Give y(u).
-5
Suppose 0 = 4*h + h - n - 19, 2*h - 5 = 3*n. Let o be 10/(9/3 - h). Let m(p) = p + 4. Give m(o).
-6
Let b(j) = -4*j**2 + 58*j - 2. Let u(r) = 9*r**2 - 126*r + 5. Let h(l) = -11*b(l) - 5*u(l). Let s(p) = -p**3 - p**2 + 2*p + 1. Let y be s(2). Determine h(y).
4
Suppose 10*o - 24 = 4*o. Let l(u) = -u**3 + 3*u**2 + 7*u - 7. What is l(o)?
5
Let a be ((-2)/4)/(2 - (-27)/(-12)). Let n(i) = -5*i + 13*i**a - i**2 - 9*i**2 - 2*i**2 - 1. Determine n(4).
-5
Let j(c) = -c**3 - 3*c**2 + 4*c - 1. Suppose 366 = -7*g + 338. What is j(g)?
-1
Let f be 20 - 9 - (22 - 2). Let c(b) = b**2 + 3*b - 10. Give c(f).
44
Let u(q) = -6*q**3 + q**2 - 4*q + 3*q**2 + 0*q**2 + 5*q - 5. Let v(y) = -y**2 + 1. Let h(z) = u(z) + 5*v(z). Determine h(1).
-6
Let d(b) = -b**2 + 4*b + 4. Let s = 30 - 19. Let j(f) = f**3 - 12*f**2 + 11*f + 5. Let h be j(s). Give